{"id":4703,"date":"2016-02-21T15:25:14","date_gmt":"2016-02-21T15:25:14","guid":{"rendered":"https:\/\/vjic.org\/vjic2\/?page_id=4703"},"modified":"2016-04-14T15:23:25","modified_gmt":"2016-04-14T15:23:25","slug":"a-sandor-5-essay-take-this-photoshop","status":"publish","type":"page","link":"https:\/\/vjic.org\/vjic2\/?page_id=4703","title":{"rendered":"Take This Photoshop!: The Photographs of Imre Dr\u00e9gely"},"content":{"rendered":"<p><a name=\"top\"><\/a><br \/>\n<span style=\"font-size: 10pt;\"><a href=\"https:\/\/vjic.org\/?page_id=1134\">Return to VJIC Table of Content\u00a0 |\u00a0 <\/a><\/span><span style=\"font-size: 10pt;\"><a href=\"https:\/\/vjic.org\/vjic2\/?page_id=4622\">Return to Thread Table of Content<\/a><\/span><\/p>\n<p><em><strong>S\u00e1ndor Szil\u00e1gyi, PhD,<\/strong> is a Hungarian media theorist, writer on photography, living in Budapest, Hungary. His interest range from Hungarian art photography, documentarist photography, and the theoretical questions of photography.<\/em><\/p>\n<p><em>This is the fifth of ten essays on photography by Sa\u0301ndor Szila\u0301gyi.\u00a0 To view Imre Dr\u00e9gely\u2019s photographs, visit <em>http:\/\/www.fotografus.hu\/en\/fotografusok\/imre-dregely\/80-90s<\/em>.<br \/>\n<\/em><\/p>\n<div id=\"attachment_4985\" style=\"width: 650px\" class=\"wp-caption aligncenter\"><a href=\"https:\/\/vjic.org\/vjic2\/wp-content\/uploads\/2016\/02\/12-Villa\u0301m-1988.jpg\" rel=\"attachment wp-att-4985\"><img loading=\"lazy\" decoding=\"async\" aria-describedby=\"caption-attachment-4985\" class=\"wp-image-4985 size-large\" src=\"https:\/\/vjic.org\/vjic2\/wp-content\/uploads\/2016\/02\/12-Villa\u0301m-1988-1019x1024.jpg\" alt=\"\u00a9 Imre Dr\u00e9gely, Lightning (1988).\" width=\"640\" height=\"643\" srcset=\"https:\/\/vjic.org\/vjic2\/wp-content\/uploads\/2016\/02\/12-Villa\u0301m-1988-1019x1024.jpg 1019w, https:\/\/vjic.org\/vjic2\/wp-content\/uploads\/2016\/02\/12-Villa\u0301m-1988-150x150.jpg 150w, https:\/\/vjic.org\/vjic2\/wp-content\/uploads\/2016\/02\/12-Villa\u0301m-1988-300x300.jpg 300w, https:\/\/vjic.org\/vjic2\/wp-content\/uploads\/2016\/02\/12-Villa\u0301m-1988-768x772.jpg 768w\" sizes=\"auto, (max-width: 640px) 100vw, 640px\" \/><\/a><p id=\"caption-attachment-4985\" class=\"wp-caption-text\">\u00a9 Imre Dr\u00e9gely, <em>Lightning<\/em> (1988).<\/p><\/div>\n<p>\u00a9 Imre Dr\u00e9gely, <em>Lightning<\/em> (1988).<\/p>\n<p><strong>Take This, Photoshop!<\/strong><\/p>\n<p>Imre Dr\u00e9gely is perhaps the most playfully spirited, \u201csmart\u201d Hungarian photographer; <iframe loading=\"lazy\" style=\"margin-left: 20px; margin-bottom: 5px; float: right;\" src=\"https:\/\/player.vimeo.com\/video\/159332587\" width=\"320\" height=\"240\" allowfullscreen=\"allowfullscreen\"><\/iframe><br \/>\nyet his images are not mere interpretations of form for their own sake. Behind his gags there are very serious issues with which he tries to circumscribe the nature of photography as a medium of communication. Behind the mask of a clown is a philosopher.<\/p>\n<p>Interestingly enough, throughout the course of his visual experiments, which he has been conducting for a good fifteen years, Dr\u00e9gely has not stepped beyond the bounds of traditional photography for a single moment. Instead, he attempts to extend the boundaries of chemical-based photography with images that in and of themselves are valid visual statements (being both beautiful and interesting).<\/p>\n<p>Today, it is possible to do much of his experimentation using Photoshop; but then, there would be no point. The works would lose their punch with photography, once again, restricted to the reality of our technological tools.<\/p>\n<p><strong><em>Elemental magic<\/em><\/strong><\/p>\n<div id=\"attachment_4991\" style=\"width: 310px\" class=\"wp-caption alignleft\"><img loading=\"lazy\" decoding=\"async\" aria-describedby=\"caption-attachment-4991\" class=\"wp-image-4991 size-medium\" src=\"https:\/\/vjic.org\/vjic2\/wp-content\/uploads\/2016\/02\/dregely-Eszpresszo-1989-300x295.jpg\" alt=\"Dregely 1989\" width=\"300\" height=\"295\" srcset=\"https:\/\/vjic.org\/vjic2\/wp-content\/uploads\/2016\/02\/dregely-Eszpresszo-1989-300x295.jpg 300w, https:\/\/vjic.org\/vjic2\/wp-content\/uploads\/2016\/02\/dregely-Eszpresszo-1989-150x147.jpg 150w, https:\/\/vjic.org\/vjic2\/wp-content\/uploads\/2016\/02\/dregely-Eszpresszo-1989.jpg 509w\" sizes=\"auto, (max-width: 300px) 100vw, 300px\" \/><p id=\"caption-attachment-4991\" class=\"wp-caption-text\">\u00a9 Imre Dr\u00e9gely, Caf\u00e9 (1989)<\/p><\/div>\n<p>Take, for example, <em>Caf\u00e9 <\/em>from the series, <em>Budapest at Night <\/em>(1988-89).<a href=\"#_edn1\" name=\"_ednref\"><sup class='footnote'><a href='#fn-4703-1' id='fnref-4703-1' onclick='return fdfootnote_show(4703)'>1<\/a><\/sup><\/a> Using Photoshop, an artist could undoubtedly insert a shadow pattern onto the table and the hand resting on the table, similar to what is evident in Dr\u00e9gely\u2019s work. But then the image would lose its accidentals and its capacity for capturing <em>that which<\/em> <em>could be seen<\/em> <em>there and then<\/em> exactly as it was. In other words, it would lose the magical property of every photograph: its documentary characteristic.<\/p>\n<p>The same can be said of <em>Cats <\/em>from the <em>Budapest at Night<\/em> series. At the precise moment that Dr\u00e9gely took this photograph, five cats <em>were there<\/em> at the entrance to a block of flats, thus imbuing the image with its ambience and metaphysical inspiration. What would be the point of slipping them in later on the monitor? Is it not lamentable if we try to take the job of the Creator?<\/p>\n<p>Of course it is! Imre Dr\u00e9gely knows this well. And that is why he puts on the face of a clown, putting his role as a <em>creator of sights<\/em> in quotations. While he perfectly understands the magic of the print and its power to conjure up reality, he views his own role as the \u201cmagician\u201d with cheerful self-irony. He uses his creative power enthusiastically, almost bubbling with child-like joy while warning, \u201cLook! I\u2019m cheating!\u201d He takes photography dead seriously, but not himself \u2013 not even for a moment. Perhaps, this is the most attractive trait of Imre Dr\u00e9gely\u2019s creative personality.<\/p>\n<p>His image, <em>Lightning,<\/em> exemplifies this self-ironical attitude. With one movement \u2013 that is, shining his flash on a corkscrew willow branch \u2013 he conjures lightning into the sky, while simultaneously creating an alienating effect by also including the hand holding the branch in the picture. Another composition, <em>Man<\/em>, illustrates the same approach: Dr\u00e9gely, first, flashes the figure advancing from next to the tripod-mounted camera (a little underexposed in order to create a slightly faded effect); then, with another exposure, he makes the image of the industrial building stretching out in the background. As a result, he creates images that do not exist in reality, but rather those that emerge purely from his inner vision. And with a grin he, again, alienates the viewer from the picture: the man has sunglasses on, which does not correspond to an evening in Budapest\u2026at least not in this location.<\/p>\n<p><strong><em>The question of time<\/em><\/strong><\/p>\n<p>In discussions of photography, philosophers and theorists often conceive of the medium as the art of \u201ccapturing the moment,\u201d emphasizing its \u201cability\u201d to document and freeze a particular point in time. However, the only thing that is true about such theorizations is that the photograph (as opposed to film and video) is a <em>still<\/em>. In taking so-called \u201cmomentary\u201d snapshots, fractions of time between 1\/30 and 1\/10,000 of a second pass\u2014fractions that are in fact very short amounts of time, but time nonetheless.<\/p>\n<p>In the early days of photography, exposure lasted hours (Ni\u00e9pce\u2019s heliograph took about 8 hours); then, it became minutes (Talbotype, Daguerreotype); and with the spread of the wet collodion process, artists needed 5-90 seconds. Yet, these images also created the impression that they were \u201csnap\u201d shots\u2014they exist, and we can look at them for as long as we like. This is the essence of photography, not how long the shot lasted.<\/p>\n<div id=\"attachment_4997\" style=\"width: 310px\" class=\"wp-caption alignleft\"><img loading=\"lazy\" decoding=\"async\" aria-describedby=\"caption-attachment-4997\" class=\"wp-image-4997 size-medium\" src=\"https:\/\/vjic.org\/vjic2\/wp-content\/uploads\/2016\/02\/Dregely-Imre-Korhinta-1989-300x198.jpg\" alt=\"Dregely Imre\" width=\"300\" height=\"198\" srcset=\"https:\/\/vjic.org\/vjic2\/wp-content\/uploads\/2016\/02\/Dregely-Imre-Korhinta-1989-300x198.jpg 300w, https:\/\/vjic.org\/vjic2\/wp-content\/uploads\/2016\/02\/Dregely-Imre-Korhinta-1989-150x99.jpg 150w, https:\/\/vjic.org\/vjic2\/wp-content\/uploads\/2016\/02\/Dregely-Imre-Korhinta-1989.jpg 720w\" sizes=\"auto, (max-width: 300px) 100vw, 300px\" \/><p id=\"caption-attachment-4997\" class=\"wp-caption-text\">\u00a9 Imre Dr\u00e9gely, Carousel (1989)<\/p><\/div>\n<p>As is evident is his work, Imre Dr\u00e9gely creatively addresses the question of time in the still image. He does so by using longer than usual exposures, which &#8211; like multiple exposure shots &#8211; exist not in reality but only in his inner vision. Such is the shot of the spinning, illuminated merry-go-round from 1990 that, due to the exposure lasting seconds, left an impression on the negative as if it were the \u201csnapshot\u201d of a UFO. Since 1996, Dr\u00e9gely has made a whole series using this technique. Every year on August 20<sup>th<\/sup>, he photographs the firework display put on in celebration of the Hungarian national holiday. In this there is nothing special. Yet, his photographs capture every firework set off in <em>one frame<\/em>\u2014that is, the <em>whole<\/em> half-hour display is depicted in one frame. He does it by putting a 6 x 7 cm piece of unexposed photographic paper in a camera on a stand at a pre-selected location. When the spectacle begins, he opens the camera\u2019s shutter and at the end he closes it.<\/p>\n<p>Imre Dr\u00e9gely\u2019s images, as all photos, are based absolutely on \u201creality\u201d, but he presents us with sights that do not exist in this form. He creates a <em>virtual <\/em>world using<em> analogue <\/em>techniques.<\/p>\n<p><strong><em>The question of space<\/em><\/strong><\/p>\n<p>We know that there is no time without space, at least not in our reality. Consequently, Dr\u00e9gely extends his epistemological research to incorporate space as well as time. He evokes virtual spaces in the plane of the print\u2014spaces that are actually nonexistent. This is evident in his picture collages, in which he pieces together a single image out of several independent images. This type of work emphasizes the contradiction between how the human eye works and the fixed \u201cview\u201d of the lens. It is not only reality that we view with a wandering eye, but images as well.<\/p>\n<p>The most straightforward example is when an image comprises details of the same object from different viewpoints, thus depicting the whole model from various angles. Despite seeing the whole image, we nevertheless feel something is not quite right. Although the partial images adapt well to each other, the different viewpoints (which are also different time planes!) in no way fully harmonize. Prints of this type include: <em>Still Life I<\/em><em>&#8211;<\/em><em>IV <\/em>(1993), where a shoe tree is the model; or its pair <em>Derby Patent<\/em> (1996), the model for which was a classier shoe tree that can be adjusted for different sizes; then, there is <em>Still Life I<\/em><em>&#8211;<\/em><em>IX <\/em>(1994), which is made up of images of fruit.<\/p>\n<div id=\"attachment_4999\" style=\"width: 730px\" class=\"wp-caption aligncenter\"><img loading=\"lazy\" decoding=\"async\" aria-describedby=\"caption-attachment-4999\" class=\"wp-image-4999 size-full\" src=\"https:\/\/vjic.org\/vjic2\/wp-content\/uploads\/2016\/02\/Kaptafa-boottree1993.jpg\" alt=\"Kaptafa-boottree1993\" width=\"720\" height=\"468\" srcset=\"https:\/\/vjic.org\/vjic2\/wp-content\/uploads\/2016\/02\/Kaptafa-boottree1993.jpg 720w, https:\/\/vjic.org\/vjic2\/wp-content\/uploads\/2016\/02\/Kaptafa-boottree1993-150x98.jpg 150w, https:\/\/vjic.org\/vjic2\/wp-content\/uploads\/2016\/02\/Kaptafa-boottree1993-300x195.jpg 300w\" sizes=\"auto, (max-width: 720px) 100vw, 720px\" \/><p id=\"caption-attachment-4999\" class=\"wp-caption-text\">\u00a9 Imre Dr\u00e9gely: Still Life I\u2013IV (1993)<\/p><\/div>\n<div id=\"attachment_5002\" style=\"width: 610px\" class=\"wp-caption aligncenter\"><img loading=\"lazy\" decoding=\"async\" aria-describedby=\"caption-attachment-5002\" class=\"wp-image-5002 size-full\" src=\"https:\/\/vjic.org\/vjic2\/wp-content\/uploads\/2016\/02\/Csendelet-leggyel-1-9-1994.jpg\" alt=\"\u00a9Csendelet leggyel Still life 1994\" width=\"600\" height=\"510\" srcset=\"https:\/\/vjic.org\/vjic2\/wp-content\/uploads\/2016\/02\/Csendelet-leggyel-1-9-1994.jpg 600w, https:\/\/vjic.org\/vjic2\/wp-content\/uploads\/2016\/02\/Csendelet-leggyel-1-9-1994-150x128.jpg 150w, https:\/\/vjic.org\/vjic2\/wp-content\/uploads\/2016\/02\/Csendelet-leggyel-1-9-1994-300x255.jpg 300w\" sizes=\"auto, (max-width: 600px) 100vw, 600px\" \/><p id=\"caption-attachment-5002\" class=\"wp-caption-text\">\u00a9 Imre Dr\u00e9gely: Still life with a fly (1994)<\/p><\/div>\n<p>However, a more complex version of this type of collage image is when the details of a picture consist of <em>substitute<\/em> images. For example, <em>Nude<\/em> (1996), in which the woman\u2019s hair is a bush, her thigh is a man\u2019s (hairy) elbow, and her feet are replaced by shoetrees. Although here and there she is constructed by parts of her own body, Dr\u00e9gely gives these \u201creal\u201d components a twist. For instance, a part of her shoulder substitutes for her back. Thus, from a distance, it appears to be a slightly strange nude, while close up it becomes an absurd, nonsensical image.<\/p>\n<p><strong><em>Nothing<\/em> is what it seems.<\/strong><\/p>\n<p><strong><em>Everything<\/em> is what it seems.<\/strong><\/p>\n<p>These two statements are paradoxically both true in Imre Dr\u00e9gely\u2019s analogue, virtual world.<\/p>\n<p><strong><em>Fortune\u2019s darling<\/em><\/strong><\/p>\n<p><iframe loading=\"lazy\" style=\"margin-right: 20px; margin-bottom: 5px; float: left;\" src=\"https:\/\/player.vimeo.com\/video\/159335038\" width=\"320\" height=\"240\" allowfullscreen=\"allowfullscreen\"><\/iframe> The first of Dr\u00e9gely\u2019s collages, the <em>Zodiac<\/em> series (1992), were completed for his college thesis. In this series, he put together five constellations, each from sixteen frames. As a result, the parts blended into each other perfectly. But if you look at them more closely there are little things that become noticeable: Aries has a fish tail, Leo has leopard paws, etc. Interestingly enough, these images seem the most mature among this type of collage from Dr\u00e9gely\u2019s larger body of work, yet they were the earliest. If I am right, the \u201cclumsiness\u201d of his later works, the grating compilation of the details, must be intentional.<\/p>\n<p>The <em>Dice Poker<\/em> series (1999-2000) also testifies to this, which at the same time serves to explain the whole concept: these images are compiled <em>by<\/em> <em>chance made to work according to plan<\/em>. The visual products, whose main lines are thought out in advance but which are nevertheless compiled by chance, may surprise the artist (and the viewer) with unexpected gifts. For example, in one image the frame puzzle results in the familiar form of Lake Balaton\u2014a consequence that, I believe, even Dr\u00e9gely himself did not count on while he was shooting the various parts of the image. This is poker not just with dice, but with frames.<\/p>\n<p>This paradoxical \u201cplanned accident\u201d also drives the <em>Joint Works <\/em>(1997) series Dr\u00e9gely made with P\u00e9ter B\u00e1nyay\u00a0(1960\u20132003) in which the two photographers share each frame. One of them covers half the lens, takes a shot and marks two or three lines on the focusing screen where the other half of the picture has to fit in. Next day, the camera is passed over to the other, who looks for some subject to complete the unknown half of the picture. As a result, wonderfully surreal montages are created, of which the \u201cself-portrait\u201d of the two photographers deserves special mention: a nonexistent, yet real being is born from the half-faces.<\/p>\n<p><strong><em>The question of Colours<\/em><\/strong><\/p>\n<div id=\"attachment_5004\" style=\"width: 310px\" class=\"wp-caption alignleft\"><img loading=\"lazy\" decoding=\"async\" aria-describedby=\"caption-attachment-5004\" class=\"wp-image-5004 size-medium\" src=\"https:\/\/vjic.org\/vjic2\/wp-content\/uploads\/2016\/02\/Dregely-Banyay-300x300.jpg\" alt=\"\u00a9 Dr\u00e9gely - B\u00e1nyay 1997\" width=\"300\" height=\"300\" srcset=\"https:\/\/vjic.org\/vjic2\/wp-content\/uploads\/2016\/02\/Dregely-Banyay-300x300.jpg 300w, https:\/\/vjic.org\/vjic2\/wp-content\/uploads\/2016\/02\/Dregely-Banyay-150x150.jpg 150w, https:\/\/vjic.org\/vjic2\/wp-content\/uploads\/2016\/02\/Dregely-Banyay.jpg 489w\" sizes=\"auto, (max-width: 300px) 100vw, 300px\" \/><p id=\"caption-attachment-5004\" class=\"wp-caption-text\">\u00a9 Imre Dr\u00e9gely \u2013 P\u00e9ter B\u00e1nyay Four-four (1997)<\/p><\/div>\n<p>Obviously, it is not by chance that Imre Dr\u00e9gely highlights in his still lifes motifs referring to mannerist, baroque and modern predecessors: the perceived world and \u201creality\u201d, the compatibility of different perspectives, illusory worlds, the genre of vanitas, the unpredictability of luck have all occupied artists (and interpreters of images) since the Renaissance.<\/p>\n<p>Such a direct reference to art history \u2013 perhaps too direct \u2013 is exemplified by the <em>Notre Dame <\/em>series (1990). Inspiration for the series came from the Monet paintings Dr\u00e9gely saw in Paris for the first time while hitchhiking as a student. There is not much point in discussing the special colour effects of the Polaroid technology, and later the Polaroid transfer, he enthusiastically started using then, as I cannot illustrate my point without the original pictures. Nevertheless, allow me one paragraph.<\/p>\n<p>Even the most perfect colour material only reproduces real colours referentially. Within <iframe loading=\"lazy\" style=\"margin-left: 20px; margin-bottom: 5px; float: right;\" src=\"https:\/\/player.vimeo.com\/video\/159335425\" width=\"320\" height=\"240\" allowfullscreen=\"allowfullscreen\"><\/iframe> this Polaroid is even worse: sometimes strikingly strident and sometimes enervatedly faint. Why, then, is it that Dr\u00e9gely turned to this technique? I imagine for the very same reason why he also breaks the space, the perspective, stops the flow of time, enlarges his pictures to half-sharp through double exposure (one sharp, one unsharp, as in <em>Coat<\/em> (1999)), and photographs shade instead of light and brightness. He searches for images that convey his own inner feelings instead of the external world.<\/p>\n<p>This refined inner world is not just conveyed through his visions: his prints serve this purpose through their entire physical reality, their being artwork, <em>objets<\/em> <em>d\u2019art<\/em> in the literal French meaning. The medium of photography is not merely the seen and captured image, but the <em>print<\/em>.<\/p>\n<p>Besides the colours, part of the Polaroid transfer, the Polaroid dye transferred onto a sheet of paper, is the surface of the transfer paper, the impression and facture of its fibres. Likewise, a part of the fireworks images is the veining and fine fibre shadows of the exposed paper negative; the shrill harshness of the giant size belongs to his still lifes; the whispering intimacy of the miniature image belongs to his transfers.<\/p>\n<p><iframe loading=\"lazy\" style=\"margin-right: 20px; margin-bottom: 5px; float: left;\" src=\"https:\/\/player.vimeo.com\/video\/159335820\" width=\"320\" height=\"240\" allowfullscreen=\"allowfullscreen\"><\/iframe> And this is completely lost in the world of digital technology, homogenizing, and dematerializing everything. For <em>this<\/em> reason computer graphics are something fundamentally different from the photograph. Not better or worse. Simply <em>different<\/em>.<\/p>\n<p>Dr\u00e9gely is fully aware of this: he has used traditional photography from the start as if working with Photoshop. Except, he wants to create <em>photographic<\/em> <em>works of art<\/em>, prints. But then he is a photographer and not a graphic designer taking a trip to the field of photography. And if he\u2019s got any brains at all, he will not stray from his path, as the future of photography lies in the traditional, chemical and manual making of prints.<\/p>\n<p>(Originally was published in Hungarian in <em>Besz\u00e9l\u0151<\/em>, December 2002. Translated by Christopher Claris.)<\/p>\n<p><span style=\"font-size: 10pt;\"><a href=\"#top\">Top of Page<br \/>\n<\/a><\/span><span style=\"font-size: 10pt;\"><a href=\"https:\/\/vjic.org\/?page_id=1134\">Return to VJIC Table of Content\u00a0 |\u00a0 <\/a><\/span><span style=\"font-size: 10pt;\"><a href=\"https:\/\/vjic.org\/vjic2\/?page_id=4622\">Return to Thread Table of Content<\/a><\/span><\/p>\n<div class='footnotes' id='footnotes-4703'>\n<div class='footnotedivider'><\/div>\n<ol>\n<li id='fn-4703-1'> To see Imre Dr\u00e9gely\u2019s photographs, visit <em>www.fotografus.hu<\/em>. <span class='footnotereverse'><a href='#fnref-4703-1'>&#8617;<\/a><\/span><\/li>\n<\/ol>\n<\/div>\n","protected":false},"excerpt":{"rendered":"<p>Return to VJIC Table of Content\u00a0 |\u00a0 Return to Thread Table of Content S\u00e1ndor Szil\u00e1gyi, PhD, is a Hungarian media theorist, writer on photography, living in Budapest, Hungary. His interest range from Hungarian art photography, documentarist photography, and the theoretical &hellip; <a href=\"https:\/\/vjic.org\/vjic2\/?page_id=4703\">Continue reading <span class=\"meta-nav\">&rarr;<\/span><\/a><\/p>\n","protected":false},"author":88893,"featured_media":0,"parent":0,"menu_order":0,"comment_status":"closed","ping_status":"closed","template":"","meta":{"jetpack_post_was_ever_published":false,"footnotes":""},"class_list":["post-4703","page","type-page","status-publish","hentry"],"jetpack_shortlink":"https:\/\/wp.me\/P2KsSU-1dR","jetpack_sharing_enabled":true,"_links":{"self":[{"href":"https:\/\/vjic.org\/vjic2\/index.php?rest_route=\/wp\/v2\/pages\/4703","targetHints":{"allow":["GET"]}}],"collection":[{"href":"https:\/\/vjic.org\/vjic2\/index.php?rest_route=\/wp\/v2\/pages"}],"about":[{"href":"https:\/\/vjic.org\/vjic2\/index.php?rest_route=\/wp\/v2\/types\/page"}],"author":[{"embeddable":true,"href":"https:\/\/vjic.org\/vjic2\/index.php?rest_route=\/wp\/v2\/users\/88893"}],"replies":[{"embeddable":true,"href":"https:\/\/vjic.org\/vjic2\/index.php?rest_route=%2Fwp%2Fv2%2Fcomments&post=4703"}],"version-history":[{"count":36,"href":"https:\/\/vjic.org\/vjic2\/index.php?rest_route=\/wp\/v2\/pages\/4703\/revisions"}],"predecessor-version":[{"id":5030,"href":"https:\/\/vjic.org\/vjic2\/index.php?rest_route=\/wp\/v2\/pages\/4703\/revisions\/5030"}],"wp:attachment":[{"href":"https:\/\/vjic.org\/vjic2\/index.php?rest_route=%2Fwp%2Fv2%2Fmedia&parent=4703"}],"curies":[{"name":"wp","href":"https:\/\/api.w.org\/{rel}","templated":true}]}}