{"id":3496,"date":"2014-09-16T08:03:30","date_gmt":"2014-09-16T08:03:30","guid":{"rendered":"https:\/\/vjic.org\/vjic2\/?page_id=3496"},"modified":"2014-09-17T08:18:11","modified_gmt":"2014-09-17T08:18:11","slug":"1-iris-portfolio","status":"publish","type":"page","link":"https:\/\/vjic.org\/vjic2\/?page_id=3496","title":{"rendered":"Portfolio: Iris Anam Cara"},"content":{"rendered":"<h5><a href=\"https:\/\/vjic.org\">Return to Table of contents<\/a><\/h5>\n<h3><span class=\"gI\"><span class=\"gI\"><span email=\"formeiris@gmail.com\" name=\"Iris Anam Cara\" class=\"gD\"><a href=\"https:\/\/vjic.org\/portfolio\/2014\/issue-7\/cara\/album\/index.html\"><strong>Portfolio: Love Letters<\/strong><\/a><br \/><\/span><\/span><\/span><\/h3>\n<p><div id=\"attachment_3499\" style=\"width: 310px\" class=\"wp-caption alignleft\"><a href=\"https:\/\/vjic.org\/vjic2\/wp-content\/uploads\/2014\/09\/IMG_66831.jpg\"><img loading=\"lazy\" decoding=\"async\" aria-describedby=\"caption-attachment-3499\" src=\"https:\/\/vjic.org\/vjic2\/wp-content\/uploads\/2014\/09\/IMG_66831-300x199.jpg\" alt=\"IMG_6683\" class=\"wp-image-3499 size-medium\" height=\"199\" width=\"300\" srcset=\"https:\/\/vjic.org\/vjic2\/wp-content\/uploads\/2014\/09\/IMG_66831-300x199.jpg 300w, https:\/\/vjic.org\/vjic2\/wp-content\/uploads\/2014\/09\/IMG_66831-150x99.jpg 150w, https:\/\/vjic.org\/vjic2\/wp-content\/uploads\/2014\/09\/IMG_66831.jpg 650w\" sizes=\"auto, (max-width: 300px) 100vw, 300px\" \/><\/a><p id=\"caption-attachment-3499\" class=\"wp-caption-text\">\u00a9 Iris Cara<\/p><\/div><span class=\"gI\"><span email=\"formeiris@gmail.com\" name=\"Iris Anam Cara\" class=\"gD\"><strong>Artist Statement :<\/strong> <\/p>\n<p>I have always felt the deep connection with the sky and the stars. And I believe, that love stays longer and touches us after we believe it ended.\u00a0<\/p>\n<p>This series happen as I was exploring how to combine feelings of love and memory. When I was photographing I was remembering all the moments of love I experienced and the moments when someone made me feel special, touched my soul. <\/p>\n<p>The series was made with a digital camera, and was not manipulated or edited in any manner.<\/span><\/span><\/p>\n<p><div id=\"attachment_3500\" style=\"width: 310px\" class=\"wp-caption alignleft\"><a href=\"https:\/\/vjic.org\/vjic2\/wp-content\/uploads\/2014\/09\/IMG_7287.jpg\"><img loading=\"lazy\" decoding=\"async\" aria-describedby=\"caption-attachment-3500\" src=\"https:\/\/vjic.org\/vjic2\/wp-content\/uploads\/2014\/09\/IMG_7287-300x199.jpg\" alt=\"IMG_7287\" class=\"wp-image-3500 size-medium\" height=\"199\" width=\"300\" srcset=\"https:\/\/vjic.org\/vjic2\/wp-content\/uploads\/2014\/09\/IMG_7287-300x199.jpg 300w, https:\/\/vjic.org\/vjic2\/wp-content\/uploads\/2014\/09\/IMG_7287-150x99.jpg 150w, https:\/\/vjic.org\/vjic2\/wp-content\/uploads\/2014\/09\/IMG_7287.jpg 650w\" sizes=\"auto, (max-width: 300px) 100vw, 300px\" \/><\/a><p id=\"caption-attachment-3500\" class=\"wp-caption-text\">\u00a9 Iris Cara<\/p><\/div><strong>About:<\/strong><\/p>\n<p>Iris Cara was born in Maribor, Slovenia\u00a0 in 1984.\u00a0 She\u00a0 studied photography in Paris at\u00a0 Speos and in Se\u017eana, and at Vi\u0161ja Strokovna \u0161ola Sre\u010dka Kosovela. Iris has participated in more than 20 group and 10 solo exhibitions. She founded and directed &#8220;The Gallery&#8221;, in <span color=\"#555555\" face=\"Arial, Helvetica, sans-serif\" style=\"color: #555555; font-family: Arial,Helvetica,sans-serif;\"><span>Maribor<\/span><\/span> in 2013 to present. <\/p>\n<p>Website: <a href=\"www.formeiris.com\">www.formeiris.com<\/a><\/p>\n<h3><span class=\"gI\"><span email=\"formeiris@gmail.com\" name=\"Iris Anam Cara\" class=\"gD\"><a href=\"https:\/\/vjic.org\/portfolio\/2014\/issue-7\/cara\/album\/index.html\"><strong>Portfolio: Love Letters<\/strong><\/a><\/span><\/span><\/h3>\n<p><\/p>\n","protected":false},"excerpt":{"rendered":"<p>Return to Table of contents Portfolio: Love Letters Artist Statement : I have always felt the deep connection with the sky and the stars. And I believe, that love stays longer and touches us after we believe it ended.\u00a0 This &hellip; <a href=\"https:\/\/vjic.org\/vjic2\/?page_id=3496\">Continue reading <span class=\"meta-nav\">&rarr;<\/span><\/a><\/p>\n","protected":false},"author":88893,"featured_media":223,"parent":0,"menu_order":0,"comment_status":"open","ping_status":"closed","template":"","meta":{"jetpack_post_was_ever_published":false,"footnotes":""},"class_list":["post-3496","page","type-page","status-publish","has-post-thumbnail","hentry"],"jetpack_shortlink":"https:\/\/wp.me\/P2KsSU-Uo","jetpack_sharing_enabled":true,"_links":{"self":[{"href":"https:\/\/vjic.org\/vjic2\/index.php?rest_route=\/wp\/v2\/pages\/3496","targetHints":{"allow":["GET"]}}],"collection":[{"href":"https:\/\/vjic.org\/vjic2\/index.php?rest_route=\/wp\/v2\/pages"}],"about":[{"href":"https:\/\/vjic.org\/vjic2\/index.php?rest_route=\/wp\/v2\/types\/page"}],"author":[{"embeddable":true,"href":"https:\/\/vjic.org\/vjic2\/index.php?rest_route=\/wp\/v2\/users\/88893"}],"replies":[{"embeddable":true,"href":"https:\/\/vjic.org\/vjic2\/index.php?rest_route=%2Fwp%2Fv2%2Fcomments&post=3496"}],"version-history":[{"count":14,"href":"https:\/\/vjic.org\/vjic2\/index.php?rest_route=\/wp\/v2\/pages\/3496\/revisions"}],"predecessor-version":[{"id":3517,"href":"https:\/\/vjic.org\/vjic2\/index.php?rest_route=\/wp\/v2\/pages\/3496\/revisions\/3517"}],"wp:featuredmedia":[{"embeddable":true,"href":"https:\/\/vjic.org\/vjic2\/index.php?rest_route=\/wp\/v2\/media\/223"}],"wp:attachment":[{"href":"https:\/\/vjic.org\/vjic2\/index.php?rest_route=%2Fwp%2Fv2%2Fmedia&parent=3496"}],"curies":[{"name":"wp","href":"https:\/\/api.w.org\/{rel}","templated":true}]}}